/3 - r)).
3, 89
Let o = 5212 - 1788. What are the prime factors of o?
2, 107
Suppose 9*y = -2436 - 282. Let f = -59 - y. What are the prime factors of f?
3
Let m = 23 - 57. Let v = -25 - m. Suppose -304 - 398 = -v*y. What are the prime factors of y?
2, 3, 13
Let g = 23 + 244. Let d = 336 - g. List the prime factors of d.
3, 23
Let d = -147 - -149. Suppose -2*s - 554 = -4*q, 0*q - 5*s = d*q - 247. List the prime factors of q.
2, 17
Suppose -13*r + 27990 - 81093 = -461719. List the prime factors of r.
2, 3929
Let k be 1/2 + (-2)/(-4). Let b be 2 + (4/6)/((-2)/(-3)). What are the prime factors of b + (k + 2 - -3)?
3
Let l(j) = 18*j + 38. Let f be l(-13). Let x = f + 900. What are the prime factors of x?
2, 11
Let i(m) = 4*m**2 - 6*m + 24*m + 0*m + 27. Let b be i(-12). Let x = b + -269. List the prime factors of x.
2, 59
Let r = -597 - -596. What are the prime factors of (-57890)/(-40) - (r/(-1))/4?
1447
Let i = -216 - -228. Suppose -i*o = -2*o - 1970. What are the prime factors of o?
197
Let h(r) = 53*r - 151. Let d(u) = 18*u - 51. Let x(n) = 17*d(n) - 6*h(n). List the prime factors of x(-22).
3, 101
Let d be (-622)/(-10) + 3/(-15). Let o = d + 24. What are the prime factors of o?
2, 43
Let o(f) = -3*f**2 + 10*f. Let a be o(3). Suppose g + 5*l = 5 + 4, 0 = -5*g - l - a. What are the prime factors of 152 - g/(2 - (-28)/(-16))?
2, 3, 13
Let h = 19 + -2. Suppose h = -4*r + s + 4*s, r = 3*s - 13. Suppose 0 = -5*u - q + 727, -u - 143 = -r*u - q. List the prime factors of u.
2, 73
List the prime factors of (-4174)/(-6)*((-25)/(-15))/((-135)/(-729)).
3, 2087
Suppose 2*w - 230 = 316. List the prime factors of w.
3, 7, 13
Suppose 4*d = -3*c + 21, 0 = -3*d + 7*d + c - 15. Suppose -5*f = -25, d*k - 5*f = 1616 + 1020. List the prime factors of k.
887
Suppose -658*v - 140 = -728*v. Let m be 26*6 + 0/1. Suppose -v*j + 0*j = -m. What are the prime factors of j?
2, 3, 13
Let i = 1643 + -566. Suppose -4*z + 3*g = -2229, -g = 4*z + i - 3326. What are the prime factors of z?
3, 11, 17
Let o be (332 + -4 + 11)/((-1)/(-21)). Suppose 0 = -383*p + 390*p - o. What are the prime factors of p?
3, 113
Let f(t) = -15*t. Let o be f(-1). Suppose -13*q - 416 = -o*q. List the prime factors of q.
2, 13
Let z = -102 - -82. Let g(j) = 30*j - 3. Let n be g(5). List the prime factors of n/12 + 5/z.
2, 3
Let m(h) = -73*h + 1. Let u be 33 - (-4 + 1 - -1). Suppose 0 = -34*s + u*s + 1. List the prime factors of m(s).
2, 37
Let b = 68 - 48. Suppose b*l - 9*l = 22. Suppose 0 = -l*a + 4*i + 125 + 25, -5*i - 15 = 0. What are the prime factors of a?
3, 23
Let l = 51 + -46. Suppose -5*r + 55 = 5*s, r + l*s - 17 = s. Suppose r*x - 10 = 4*x. What are the prime factors of x?
2
Let u(m) = -m**2 + 11*m - 4. Let i be u(5). Suppose 4*z - 75 = 5*p, -2*z = 3*p - 1 - 20. Let a = i - z. List the prime factors of a.
11
Suppose 0 = 2*h + 4*h - 150. Suppose -5*l = 5*n - 0 + h, 3*n + 9 = 3*l. Let w(a) = -141*a**3 + 2*a**2 + 2*a + 1. What are the prime factors of w(l)?
2, 71
Suppose 4*i - 5006 = -5*j, 0 = 4*i - 3*j + 6*j - 5002. Let f = 53 + i. List the prime factors of f.
2, 3, 7, 31
Let q = -32 - -35. Suppose q*k = 4*k - 2*s - 215, 0 = s + 1. List the prime factors of k.
3, 71
List the prime factors of (34033 - 2)*(-1)/(-5 + 16 - 12).
34031
Let h be 4 + -2 - (-10 - 0). Let a(g) be the second derivative of g**4/12 + g**3/6 - 31*g**2/2 + 44*g - 1. What are the prime factors of a(h)?
5
What are the prime factors of 5*-1 + -6540*(-75)/15?
5, 13, 503
Suppose -5*a = -16*a + 12672. Suppose 6*g + 3*g = a. What are the prime factors of g?
2
Suppose -13*c = 24 - 76. Suppose -1465 = -c*k - b, -2*k = 9*b - 4*b - 719. List the prime factors of k.
367
Let c = 1832 + -1005. Suppose q = 2*u + 206, 2*q + 2*q - c = 5*u. What are the prime factors of q?
2, 13
What are the prime factors of 1560*((-180)/48 - -5)?
2, 3, 5, 13
Suppose -40*z = -232690 + 72570. List the prime factors of z.
4003
Let m = 4151 - 2279. List the prime factors of m.
2, 3, 13
Let f(z) = -46*z - 612. Let h be f(-13). Let t(a) = 20*a + 12 + 6*a**2 + 8 + 18*a**2 + a**3 - 8*a**2. List the prime factors of t(h).
2, 3, 11
Suppose -x - 3 - 17 = 0. Let g = x - -20. Suppose g = l + 2*l - 75. What are the prime factors of l?
5
Let y be (4/(-4) - 27) + -3. Let r = y - -62. Suppose -3*p + 2*p = -r. List the prime factors of p.
31
Let v(y) = y**2 - 10*y + 18. Let l be v(8). Suppose l*g - 36 = -2*k - 4, 0 = -5*k - 4*g + 78. Suppose 6*h - k = 16. List the prime factors of h.
5
Let q = -14747 + 24977. List the prime factors of q.
2, 3, 5, 11, 31
Let v(o) = -27*o + 199. Suppose 31*q - 27*q = -168. List the prime factors of v(q).
31, 43
Let n be 2049/12 - -4 - (-1)/4. Let j = -121 + n. List the prime factors of j.
2, 3
Suppose -4*s + 9*s - 3*c = -33, 0 = 4*c - 4. Let o be (s - -6)/(-3 - -2). Suppose -a - 2*a + 267 = o. What are the prime factors of a?
89
Suppose 0 = -7*i - 6*i + 481. Let o be 3 + -1 + -3 - -242. Suppose 3*c + i = o. What are the prime factors of c?
2, 17
Suppose -l + 5 = 5*k + 25, 16 = -2*l - 4*k. Suppose -3*t = -l*t + 72. Let d = 38 + t. List the prime factors of d.
2, 7
Let c be (12/(-6) + -2)/2. Let z(x) = 2 - 27*x - 11*x - 4. What are the prime factors of z(c)?
2, 37
Let v(w) = -w**3 + 7*w**2 - 5*w - 16. Let b be v(6). Let k be (b - 11)*(-2)/6. Suppose -19 = -k*p + 1332. What are the prime factors of p?
193
Suppose -338 = 3*g - 2*z, 3*g - z + 554 = -2*g. Let f = 1373 + g. List the prime factors of f.
3, 421
Let z = -16 - -30. Let r(w) = w + 2. Let t be r(z). What are the prime factors of 4/3*456/t?
2, 19
Let o = 18 + 17. Let s(l) = l**3 - 10*l**2 + 15*l + 13. Let y be s(8). List the prime factors of ((-1708)/o)/((-2)/y).
2, 61
Let w(m) = -m**2 + 151*m + 399. What are the prime factors of w(86)?
53, 113
Let d = 95 + -89. Suppose 5*w + 2*a - 475 = 0, -w - 3*w - 2*a + 380 = 0. Suppose -d*n + 5*n = -w. What are the prime factors of n?
5, 19
Suppose 31*j = -7*j + 1054500. List the prime factors of j.
2, 3, 5, 37
Let o(m) = 115*m**3 + 11*m**2 - 4*m - 2. What are the prime factors of o(3)?
2, 5, 11, 29
Suppose -o + 6*v + 584 = -5117, 4*o + 2*v = 22830. List the prime factors of o.
13, 439
Let p = 291 - 263. What are the prime factors of p/(-35)*135*(-2)/4?
2, 3
Let t(z) = 44*z + 6. Suppose -3*h + 2*h + 2*r - 1 = 0, 13 = 5*h - r. Suppose -h*m - 3 = -3*k + 6, 5*k = -3*m - 1. What are the prime factors of t(k)?
2, 5
Suppose -22*v + 16 = -18*v. Suppose -4*m + v*f + 1620 = m, -3*f = -3*m + 975. What are the prime factors of m?
2, 5
List the prime factors of 0 + 2/(-8*(-2)/37984).
2, 1187
Let i = -61 - -57. Let l be -2 - -135 - (i + 1). Let b = l + 3. List the prime factors of b.
139
Let x(m) be the second derivative of m**4/2 + m**3/6 - 3*m**2 + 46*m. What are the prime factors of x(-5)?
139
Suppose 4*k + 2*s = 10, k + 6 = 2*s + 21. Suppose 2*n - 19 = 3*l, -k*n = 5*l + 4 + 11. Suppose 18 - 204 = -n*o. List the prime factors of o.
3, 31
Suppose 6*q - 9*q + 43635 = -3*h, 3*q = h + 43621. What are the prime factors of q?
2, 3, 2423
Let x(j) be the second derivative of j**3/6 - 6*j**2 - 6*j. Suppose -11*s + 6*s + 120 = -4*w, 96 = 4*s - 4*w. List the prime factors of x(s).
2, 3
Suppose 2*w - 3*w + 2*o + 16328 = 0, 0 = w - o - 16321. What are the prime factors of w?
2, 3, 2719
Let i(t) = -t**3 + 2*t + 99. Suppose 0*f = -3*f + 2*f. List the prime factors of i(f).
3, 11
Let m = 29 - 20. Let d be 6*(3 - 48/m). What are the prime factors of (-778)/d - 39/(-91)?
2, 7
Let z(a) = 2*a**2 - 3*a - 2*a + 0*a + 4 - 8*a. Let w be z(5). Let m(b) = b**3 + 12*b**2 + 2*b + 20. List the prime factors of m(w).
7, 17
Let c(t) = -89*t**2 + 9*t - 42. Let m be c(12). Let y be m/(-70) + 1/(-7). Let h = 93 + y. What are the prime factors of h?
5, 11
Suppose -v + 13 = -d - 6*v, -d - 2*v - 4 = 0. Let b(j) = -2*j + 19 + 5*j + j**d + j**2 + 4*j. What are the prime factors of b(-5)?
2, 17
Let n = -29667 + 41923. List the prime factors of n.
2, 383
Let p = 417 - 418. List the prime factors of (-9 - (1 + -11))*(-51)/p.
3, 17
Suppose 0 = -7*i + 4*i - 3*v + 69, -27 = -i + v. Let g(m) = -2*m**2 + 79*m + 79. List the prime factors of g(i).
2, 3, 67
Let p = 1127 + -626. Let y = p - 803. Let f = -184 - y. What are the prime factors of f?
2, 59
Suppose -20*g + 40765 = -27155. Suppose -435*f + g = -429*